CRAN Package Check Results for Package xlsx

Last updated on 2019-09-22 05:46:26 CEST.

Flavor Version Tinstall Tcheck Ttotal Status Flags
r-devel-linux-x86_64-debian-clang 0.6.1 7.46 83.29 90.75 OK
r-devel-linux-x86_64-debian-gcc 0.6.1 6.51 65.76 72.27 OK
r-devel-linux-x86_64-fedora-clang 0.6.1 114.90 OK
r-devel-linux-x86_64-fedora-gcc 0.6.1 103.66 OK
r-devel-windows-ix86+x86_64 0.6.1 12.00 6.00 18.00 ERROR
r-patched-linux-x86_64 0.6.1 7.76 81.34 89.10 OK
r-patched-solaris-x86 0.6.1 109.40 OK
r-release-linux-x86_64 0.6.1 7.28 82.92 90.20 OK
r-release-windows-ix86+x86_64 0.6.1 12.00 108.00 120.00 OK
r-release-osx-x86_64 0.6.1 OK
r-oldrel-windows-ix86+x86_64 0.6.1 8.00 72.00 80.00 OK
r-oldrel-osx-x86_64 0.6.1 OK

Check Details

Version: 0.6.1
Check: whether package can be installed
Result: ERROR
    Installation failed.
Flavor: r-devel-windows-ix86+x86_64