CRAN Package Check Results for Package xlsxjars

Last updated on 2021-10-24 05:55:24 CEST.

Flavor Version Tinstall Tcheck Ttotal Status Flags
r-devel-linux-x86_64-debian-clang 0.6.1 3.47 28.97 32.44 OK
r-devel-linux-x86_64-debian-gcc 0.6.1 2.70 22.43 25.13 OK
r-devel-linux-x86_64-fedora-clang 0.6.1 49.38 NOTE
r-devel-linux-x86_64-fedora-gcc 0.6.1 38.63 OK
r-devel-windows-x86_64 0.6.1 6.00 41.00 47.00 NOTE
r-devel-windows-x86_64-gcc10-UCRT 0.6.1 OK
r-patched-linux-x86_64 0.6.1 3.55 28.10 31.65 OK
r-patched-solaris-x86 0.6.1 62.20 NOTE
r-release-linux-x86_64 0.6.1 3.59 28.34 31.93 OK
r-release-macos-arm64 0.6.1 NOTE
r-release-macos-x86_64 0.6.1 NOTE
r-release-windows-ix86+x86_64 0.6.1 9.00 48.00 57.00 NOTE
r-oldrel-macos-x86_64 0.6.1 NOTE
r-oldrel-windows-ix86+x86_64 0.6.1 8.00 49.00 57.00 NOTE

Check Details

Version: 0.6.1
Check: installed package size
Result: NOTE
     installed size is 10.8Mb
     sub-directories of 1Mb or more:
     java 10.7Mb
Flavors: r-devel-linux-x86_64-fedora-clang, r-devel-windows-x86_64, r-patched-solaris-x86, r-release-macos-arm64, r-release-macos-x86_64, r-release-windows-ix86+x86_64, r-oldrel-macos-x86_64, r-oldrel-windows-ix86+x86_64