CRAN Package Check Results for Package xpectr

Last updated on 2022-12-08 06:56:58 CET.

Flavor Version Tinstall Tcheck Ttotal Status Flags
r-devel-linux-x86_64-debian-clang 0.4.3 7.11 81.57 88.68 ERROR
r-devel-linux-x86_64-debian-gcc 0.4.3 5.30 64.96 70.26 OK
r-devel-linux-x86_64-fedora-clang 0.4.3 116.04 OK
r-devel-linux-x86_64-fedora-gcc 0.4.3 124.40 OK
r-devel-windows-x86_64 0.4.3 29.00 139.00 168.00 OK
r-patched-linux-x86_64 0.4.3 8.02 70.65 78.67 OK
r-release-linux-x86_64 0.4.3 4.87 71.30 76.17 OK
r-release-macos-arm64 0.4.3 43.00 OK
r-release-macos-x86_64 0.4.3 46.00 OK
r-release-windows-x86_64 0.4.3 32.00 106.00 138.00 OK
r-oldrel-macos-arm64 0.4.3 33.00 OK
r-oldrel-macos-x86_64 0.4.3 47.00 OK
r-oldrel-windows-ix86+x86_64 0.4.3 17.00 99.00 116.00 ERROR

Check Details

Version: 0.4.3
Check: tests
Result: ERROR
     Running 'testthat.R' [10s/12s]
    Running the tests in 'tests/testthat.R' failed.
    Complete output:
     > library(testthat)
     > library(xpectr)
     >
     > test_check("xpectr")
     [ FAIL 1 | WARN 0 | SKIP 2 | PASS 841 ]
    
     == Skipped tests ===============================================================
     * skipping due to breaking changes in R 4.0.0 (2)
    
     == Failed tests ================================================================
     -- Failure ('test_capture_side_effects.R:30'): capture_side_effects() works with tibbles --
     strip(output_10856[["error"]]) %in% ... is not TRUE
    
     `actual`: FALSE
     `expected`: TRUE
    
     [ FAIL 1 | WARN 0 | SKIP 2 | PASS 841 ]
     Error: Test failures
     Execution halted
Flavor: r-devel-linux-x86_64-debian-clang

Version: 0.4.3
Check: tests
Result: ERROR
     Running 'testthat.R' [10s]
    Running the tests in 'tests/testthat.R' failed.
    Complete output:
     > library(testthat)
     > library(xpectr)
     >
     > test_check("xpectr")
     [ FAIL 1 | WARN 0 | SKIP 2 | PASS 841 ]
    
     == Skipped tests ===============================================================
     * skipping due to breaking changes in R 4.0.0 (2)
    
     == Failed tests ================================================================
     -- Failure ('test_capture_side_effects.R:30'): capture_side_effects() works with tibbles --
     strip(output_10856[["error"]]) %in% ... is not TRUE
    
     `actual`: FALSE
     `expected`: TRUE
    
     [ FAIL 1 | WARN 0 | SKIP 2 | PASS 841 ]
     Error: Test failures
     Execution halted
Flavor: r-oldrel-windows-ix86+x86_64