CRAN Package Check Results for Package xseq

Last updated on 2019-12-09 05:47:34 CET.

Flavor Version Tinstall Tcheck Ttotal Status Flags
r-devel-linux-x86_64-debian-clang 0.2.1 7.83 177.31 185.14 OK
r-devel-linux-x86_64-debian-gcc 0.2.1 5.95 124.15 130.10 OK
r-devel-linux-x86_64-fedora-clang 0.2.1 222.09 NOTE
r-devel-linux-x86_64-fedora-gcc 0.2.1 208.30 NOTE
r-devel-windows-ix86+x86_64 0.2.1 14.00 272.00 286.00 OK
r-devel-windows-ix86+x86_64-gcc8 0.2.1 13.00 218.00 231.00 OK
r-patched-linux-x86_64 0.2.1 5.50 156.22 161.72 OK
r-patched-solaris-x86 0.2.1 272.50 OK
r-release-linux-x86_64 0.2.1 5.54 161.29 166.83 OK
r-release-windows-ix86+x86_64 0.2.1 17.00 188.00 205.00 OK
r-release-osx-x86_64 0.2.1 OK
r-oldrel-windows-ix86+x86_64 0.2.1 9.00 180.00 189.00 OK
r-oldrel-osx-x86_64 0.2.1 OK

Check Details

Version: 0.2.1
Check: compiled code
Result: NOTE
    File ‘xseq/libs/xseq.so’:
     Found no call to: ‘R_useDynamicSymbols’
    
    It is good practice to register native routines and to disable symbol
    search.
    
    See ‘Writing portable packages’ in the ‘Writing R Extensions’ manual.
Flavors: r-devel-linux-x86_64-fedora-clang, r-devel-linux-x86_64-fedora-gcc