CRAN Package Check Results for Package xseq

Last updated on 2019-08-19 05:46:38 CEST.

Flavor Version Tinstall Tcheck Ttotal Status Flags
r-devel-linux-x86_64-debian-clang 0.2.1 6.71 165.94 172.65 OK
r-devel-linux-x86_64-debian-gcc 0.2.1 5.36 118.59 123.95 OK
r-devel-linux-x86_64-fedora-clang 0.2.1 200.24 NOTE
r-devel-linux-x86_64-fedora-gcc 0.2.1 214.78 NOTE
r-devel-windows-ix86+x86_64 0.2.1 12.00 298.00 310.00 OK
r-patched-linux-x86_64 0.2.1 6.37 161.78 168.15 OK
r-patched-solaris-x86 0.2.1 279.50 OK
r-release-linux-x86_64 0.2.1 6.70 161.06 167.76 OK
r-release-windows-ix86+x86_64 0.2.1 12.00 181.00 193.00 OK
r-release-osx-x86_64 0.2.1 ERROR
r-oldrel-windows-ix86+x86_64 0.2.1 15.00 242.00 257.00 OK
r-oldrel-osx-x86_64 0.2.1 OK

Check Details

Version: 0.2.1
Check: compiled code
Result: NOTE
    File ‘xseq/libs/xseq.so’:
     Found no call to: ‘R_useDynamicSymbols’
    
    It is good practice to register native routines and to disable symbol
    search.
    
    See ‘Writing portable packages’ in the ‘Writing R Extensions’ manual.
Flavors: r-devel-linux-x86_64-fedora-clang, r-devel-linux-x86_64-fedora-gcc

Version: 0.2.1
Check: package dependencies
Result: ERROR
    Packages required but not available: 'impute', 'preprocessCore'
    
    See section ‘The DESCRIPTION file’ in the ‘Writing R Extensions’
    manual.
Flavor: r-release-osx-x86_64