CRAN Package Check Results for Package xtable

Last updated on 2019-07-16 05:48:38 CEST.

Flavor Version Tinstall Tcheck Ttotal Status Flags
r-devel-linux-x86_64-debian-clang 1.8-4 2.15 51.34 53.49 NOTE
r-devel-linux-x86_64-debian-gcc 1.8-4 1.86 40.89 42.75 NOTE
r-devel-linux-x86_64-fedora-clang 1.8-4 68.97 NOTE
r-devel-linux-x86_64-fedora-gcc 1.8-4 67.53 NOTE
r-devel-windows-ix86+x86_64 1.8-4 11.00 114.00 125.00 OK
r-patched-linux-x86_64 1.8-4 2.32 50.96 53.28 OK
r-patched-solaris-x86 1.8-4 98.30 OK
r-release-linux-x86_64 1.8-4 2.33 51.73 54.06 OK
r-release-windows-ix86+x86_64 1.8-4 7.00 110.00 117.00 OK
r-release-osx-x86_64 1.8-4 OK
r-oldrel-windows-ix86+x86_64 1.8-4 8.00 75.00 83.00 OK
r-oldrel-osx-x86_64 1.8-4 OK

Check Details

Version: 1.8-4
Check: for non-standard things in the check directory
Result: NOTE
    Found the following files/directories:
     'xtable.html' 'xtable.tex'
Flavors: r-devel-linux-x86_64-debian-clang, r-devel-linux-x86_64-debian-gcc, r-devel-linux-x86_64-fedora-clang, r-devel-linux-x86_64-fedora-gcc