CRAN Package Check Results for Package xtractomatic

Last updated on 2019-06-19 05:48:30 CEST.

Flavor Version Tinstall Tcheck Ttotal Status Flags
r-devel-linux-x86_64-debian-clang 3.4.2 2.44 24.41 26.85 ERROR --no-vignettes
r-devel-linux-x86_64-debian-gcc 3.4.2 2.17 21.43 23.60 OK --no-vignettes
r-devel-linux-x86_64-fedora-clang 3.4.2 60.38 WARN
r-devel-linux-x86_64-fedora-gcc 3.4.2 58.21 WARN
r-devel-windows-ix86+x86_64 3.4.2 13.00 76.00 89.00 OK --no-vignettes
r-patched-linux-x86_64 3.4.2 2.63 26.37 29.00 OK --no-vignettes
r-patched-solaris-x86 3.4.2 92.50 WARN
r-release-linux-x86_64 3.4.2 2.57 26.97 29.54 OK --no-vignettes
r-release-windows-ix86+x86_64 3.4.2 13.00 76.00 89.00 OK --no-vignettes
r-release-osx-x86_64 3.4.2 WARN
r-oldrel-windows-ix86+x86_64 3.4.2 5.00 57.00 62.00 ERROR --no-vignettes
r-oldrel-osx-x86_64 3.4.2 WARN

Check Details

Version: 3.4.2
Flags: --no-vignettes
Check: examples
Result: ERROR
    Running examples in 'xtractomatic-Ex.R' failed
    The error most likely occurred in:
    
    > base::assign(".ptime", proc.time(), pos = "CheckExEnv")
    > ### Name: getInfo
    > ### Title: Extract dataset information for a given dtype name or number
    > ### Aliases: getInfo
    >
    > ### ** Examples
    >
    > getInfo('atsstamday')
    Error in charToDate(x) :
     character string is not in a standard unambiguous format
    Calls: getInfo ... getMaxTime -> as.Date -> as.Date.character -> charToDate
    Execution halted
Flavor: r-devel-linux-x86_64-debian-clang

Version: 3.4.2
Check: dependencies in R code
Result: NOTE
    Namespace in Imports field not imported from: ‘dplyr’
     All declared Imports should be used.
Flavors: r-devel-linux-x86_64-fedora-clang, r-devel-linux-x86_64-fedora-gcc, r-patched-solaris-x86, r-release-osx-x86_64, r-oldrel-osx-x86_64

Version: 3.4.2
Check: re-building of vignette outputs
Result: WARN
    Error(s) in re-building vignettes:
    --- re-building ‘Usingxtractomatic.Rmd’ using rmarkdown
    date lon lat lowLon higLon lowLat higLat
    4/23/2003 203.899 19.664 203.899 203.899 19.664 19.664
    4/24/2003 204.151 19.821 203.912597 204.389403 18.78051934 20.86148066
    4/30/2003 203.919 20.351 203.6793669 204.1586331 18.79728188 21.90471812
    5/1/2003 204.229 20.305 203.9943343 204.4636657 18.90440013 21.70559987
    Quitting from lines 818-843 (Usingxtractomatic.Rmd)
    Error: processing vignette 'Usingxtractomatic.Rmd' failed with diagnostics:
    (converted from warning) Removed 4070 rows containing missing values (geom_raster).
    --- failed re-building ‘Usingxtractomatic.Rmd’
    
    SUMMARY: processing the following file failed:
     ‘Usingxtractomatic.Rmd’
    
    Error: Vignette re-building failed.
    Execution halted
Flavors: r-devel-linux-x86_64-fedora-clang, r-devel-linux-x86_64-fedora-gcc

Version: 3.4.2
Check: re-building of vignette outputs
Result: WARN
    Error(s) in re-building vignettes:
     ...
    --- re-building ‘Usingxtractomatic.Rmd’ using rmarkdown
    Warning in engine$weave(file, quiet = quiet, encoding = enc) :
     Pandoc (>= 1.12.3) and/or pandoc-citeproc not available. Falling back to R Markdown v1.
    date lon lat lowLon higLon lowLat higLat
    4/23/2003 203.899 19.664 203.899 203.899 19.664 19.664
    4/24/2003 204.151 19.821 203.912597 204.389403 18.78051934 20.86148066
    4/30/2003 203.919 20.351 203.6793669 204.1586331 18.79728188 21.90471812
    5/1/2003 204.229 20.305 203.9943343 204.4636657 18.90440013 21.70559987
    Quitting from lines 818-843 (Usingxtractomatic.Rmd)
    Error: processing vignette 'Usingxtractomatic.Rmd' failed with diagnostics:
    (converted from warning) Removed 4070 rows containing missing values (geom_raster).
    --- failed re-building ‘Usingxtractomatic.Rmd’
    
    SUMMARY: processing the following file failed:
     ‘Usingxtractomatic.Rmd’
    
    Error: Vignette re-building failed.
    Execution halted
Flavors: r-patched-solaris-x86, r-release-osx-x86_64

Version: 3.4.2
Flags: --no-vignettes
Check: examples
Result: ERROR
    Running examples in 'xtractomatic-Ex.R' failed
    The error most likely occurred in:
    
    > ### Name: xtracto
    > ### Title: Extract environmental data along a trajectory using ERDDAP.
    > ### Aliases: xtracto
    >
    > ### ** Examples
    >
    > xpos <- c(230, 235)
    > ypos <- c(40, 45)
    > tpos <- c('2006-01-15', '2006-01-20')
    > xlen <- 0.025
    > ylen <- 0.025
    > extract <- xtracto('erdMBsstd8day', xpos, ypos, tpos = tpos, xlen = xlen, ylen = ylen)
    Error in curl::curl_fetch_memory(url, handle = handle) :
     Failed to connect to coastwatch.pfeg.noaa.gov port 443: Timed out
    Calls: xtracto ... request_fetch -> request_fetch.write_memory -> <Anonymous>
    Execution halted
Flavor: r-oldrel-windows-ix86+x86_64

Version: 3.4.2
Check: re-building of vignette outputs
Result: WARN
    Error in re-building vignettes:
     ...
    Warning in engine$weave(file, quiet = quiet, encoding = enc) :
     Pandoc (>= 1.12.3) and/or pandoc-citeproc not available. Falling back to R Markdown v1.
    date lon lat lowLon higLon lowLat higLat
    4/23/2003 203.899 19.664 203.899 203.899 19.664 19.664
    4/24/2003 204.151 19.821 203.912597 204.389403 18.78051934 20.86148066
    4/30/2003 203.919 20.351 203.6793669 204.1586331 18.79728188 21.90471812
    5/1/2003 204.229 20.305 203.9943343 204.4636657 18.90440013 21.70559987
    Quitting from lines 1055-1057 (Usingxtractomatic.Rmd)
    Error: processing vignette 'Usingxtractomatic.Rmd' failed with diagnostics:
    cannot open the connection
    Execution halted
Flavor: r-oldrel-osx-x86_64