CRAN Package Check Results for Package yamlet

Last updated on 2024-06-13 06:58:23 CEST.

Flavor Version Tinstall Tcheck Ttotal Status Flags
r-devel-linux-x86_64-debian-clang 1.0.3 15.20 243.62 258.82 OK
r-devel-linux-x86_64-debian-gcc 1.0.3 0.86 1.74 2.60 ERROR
r-devel-linux-x86_64-fedora-clang 1.0.3 347.19 OK
r-devel-linux-x86_64-fedora-gcc 1.0.3 355.23 OK
r-devel-windows-x86_64 1.0.3 15.00 264.00 279.00 OK
r-patched-linux-x86_64 1.0.3 27.12 236.31 263.43 OK
r-release-linux-x86_64 1.0.3 9.73 232.99 242.72 OK
r-release-macos-arm64 1.0.3 96.00 OK
r-release-macos-x86_64 1.0.3 164.00 OK
r-release-windows-x86_64 1.0.3 17.00 280.00 297.00 OK
r-oldrel-macos-arm64 1.0.3 104.00 OK
r-oldrel-macos-x86_64 1.0.3 243.00 OK
r-oldrel-windows-x86_64 1.0.3 18.00 309.00 327.00 OK

Check Details

Version: 1.0.3
Check: package dependencies
Result: ERROR Packages required but not available: 'spork', 'ggplot2', 'dplyr', 'tidyr', 'vctrs', 'pillar' Packages suggested but not available for checking: 'testthat', 'haven', 'tablet', 'kableExtra' See section ‘The DESCRIPTION file’ in the ‘Writing R Extensions’ manual. Flavor: r-devel-linux-x86_64-debian-gcc