CRAN Package Check Results for Package yhat

Last updated on 2022-01-18 05:50:33 CET.

Flavor Version Tinstall Tcheck Ttotal Status Flags
r-devel-linux-x86_64-debian-clang 2.0-3 3.57 53.17 56.74 NOTE
r-devel-linux-x86_64-debian-gcc 2.0-3 3.18 40.69 43.87 NOTE
r-devel-linux-x86_64-fedora-clang 2.0-3 72.77 NOTE
r-devel-linux-x86_64-fedora-gcc 2.0-3 57.57 NOTE
r-devel-windows-x86_64-new-UL 2.0-3 29.00 73.00 102.00 NOTE
r-devel-windows-x86_64-new-TK 2.0-3 NOTE
r-patched-linux-x86_64 2.0-3 4.27 51.75 56.02 NOTE
r-release-linux-x86_64 2.0-3 NOTE
r-release-macos-arm64 2.0-3 NOTE
r-release-macos-x86_64 2.0-3 NOTE
r-release-windows-ix86+x86_64 2.0-3 7.00 64.00 71.00 NOTE
r-oldrel-macos-x86_64 2.0-3 OK
r-oldrel-windows-ix86+x86_64 2.0-3 7.00 63.00 70.00 OK

Check Details

Version: 2.0-3
Check: LazyData
Result: NOTE
     'LazyData' is specified without a 'data' directory
Flavors: r-devel-linux-x86_64-debian-clang, r-devel-linux-x86_64-debian-gcc, r-devel-linux-x86_64-fedora-clang, r-devel-linux-x86_64-fedora-gcc, r-devel-windows-x86_64-new-UL, r-devel-windows-x86_64-new-TK, r-patched-linux-x86_64, r-release-linux-x86_64, r-release-macos-arm64, r-release-macos-x86_64, r-release-windows-ix86+x86_64

Version: 2.0-3
Check: package dependencies
Result: NOTE
    Package suggested but not available for checking: 'MBESS'
Flavor: r-devel-windows-x86_64-new-TK