CRAN Package Check Results for Package ymlthis

Last updated on 2020-07-06 04:48:06 CEST.

Flavor Version Tinstall Tcheck Ttotal Status Flags
r-devel-linux-x86_64-debian-clang 0.1.2 3.97 49.27 53.24 OK
r-devel-linux-x86_64-debian-gcc 0.1.2 3.65 38.70 42.35 OK
r-devel-linux-x86_64-fedora-clang 0.1.2 72.18 NOTE
r-devel-linux-x86_64-fedora-gcc 0.1.2 63.90 NOTE
r-devel-windows-ix86+x86_64 0.1.2 17.00 69.00 86.00 OK
r-patched-linux-x86_64 0.1.2 4.85 48.85 53.70 OK
r-patched-solaris-x86 0.1.2 75.20 NOTE
r-release-linux-x86_64 0.1.2 5.12 49.44 54.56 OK
r-release-osx-x86_64 0.1.2 NOTE
r-release-windows-ix86+x86_64 0.1.2 12.00 72.00 84.00 OK
r-oldrel-osx-x86_64 0.1.2 NOTE
r-oldrel-windows-ix86+x86_64 0.1.2 41.00 115.00 156.00 OK

Check Details

Version: 0.1.2
Check: dependencies in R code
Result: NOTE
    Namespaces in Imports field not imported from:
     ‘miniUI’ ‘shinyBS’
     All declared Imports should be used.
Flavors: r-devel-linux-x86_64-fedora-clang, r-devel-linux-x86_64-fedora-gcc, r-patched-solaris-x86, r-release-osx-x86_64, r-oldrel-osx-x86_64