CRAN Package Check Results for Package ymlthis

Last updated on 2019-12-11 05:47:37 CET.

Flavor Version Tinstall Tcheck Ttotal Status Flags
r-devel-linux-x86_64-debian-clang 0.1.1 4.03 47.64 51.67 OK
r-devel-linux-x86_64-debian-gcc 0.1.1 3.48 37.33 40.81 OK
r-devel-linux-x86_64-fedora-clang 0.1.1 64.41 NOTE
r-devel-linux-x86_64-fedora-gcc 0.1.1 61.21 NOTE
r-devel-windows-ix86+x86_64 0.1.1 11.00 130.00 141.00 OK
r-devel-windows-ix86+x86_64-gcc8 0.1.1 12.00 93.00 105.00 OK
r-patched-linux-x86_64 0.1.1 3.98 43.79 47.77 OK
r-patched-solaris-x86 0.1.1 72.20 NOTE
r-release-linux-x86_64 0.1.1 4.70 44.30 49.00 OK
r-release-windows-ix86+x86_64 0.1.1 11.00 86.00 97.00 OK
r-release-osx-x86_64 0.1.1 NOTE
r-oldrel-windows-ix86+x86_64 0.1.1 8.00 113.00 121.00 OK
r-oldrel-osx-x86_64 0.1.1 NOTE

Check Details

Version: 0.1.1
Check: dependencies in R code
Result: NOTE
    Namespaces in Imports field not imported from:
     ‘miniUI’ ‘shinyBS’
     All declared Imports should be used.
Flavors: r-devel-linux-x86_64-fedora-clang, r-devel-linux-x86_64-fedora-gcc, r-patched-solaris-x86, r-release-osx-x86_64, r-oldrel-osx-x86_64