CRAN Package Check Results for Package zebu

Last updated on 2020-01-17 05:47:29 CET.

Flavor Version Tinstall Tcheck Ttotal Status Flags
r-devel-linux-x86_64-debian-clang 0.1.2 2.94 54.76 57.70 NOTE
r-devel-linux-x86_64-debian-gcc 0.1.2 2.67 41.55 44.22 NOTE
r-devel-linux-x86_64-fedora-clang 0.1.2 68.37 NOTE
r-devel-linux-x86_64-fedora-gcc 0.1.2 66.88 NOTE
r-devel-windows-ix86+x86_64 0.1.2 16.00 95.00 111.00 NOTE
r-devel-windows-ix86+x86_64-gcc8 0.1.2 9.00 92.00 101.00 NOTE
r-patched-linux-x86_64 0.1.2 2.29 49.68 51.97 NOTE
r-patched-solaris-x86 0.1.2 83.90 NOTE
r-release-linux-x86_64 0.1.2 2.36 47.83 50.19 NOTE
r-release-windows-ix86+x86_64 0.1.2 11.00 65.00 76.00 NOTE
r-release-osx-x86_64 0.1.2 OK
r-oldrel-windows-ix86+x86_64 0.1.2 7.00 67.00 74.00 NOTE
r-oldrel-osx-x86_64 0.1.2 OK

Check Details

Version: 0.1.2
Check: dependencies in R code
Result: NOTE
    Missing or unexported object: 'devtools::use_data'
Flavors: r-devel-linux-x86_64-debian-clang, r-devel-linux-x86_64-debian-gcc, r-devel-linux-x86_64-fedora-clang, r-devel-linux-x86_64-fedora-gcc, r-devel-windows-ix86+x86_64, r-devel-windows-ix86+x86_64-gcc8, r-patched-linux-x86_64, r-patched-solaris-x86, r-release-linux-x86_64, r-release-windows-ix86+x86_64, r-oldrel-windows-ix86+x86_64

Version: 0.1.2
Check: for non-standard things in the check directory
Result: NOTE
    Found the following files/directories:
     'test.csv'
Flavors: r-devel-linux-x86_64-debian-clang, r-devel-linux-x86_64-debian-gcc, r-devel-linux-x86_64-fedora-clang, r-devel-linux-x86_64-fedora-gcc