CRAN Package Check Results for Package zebu

Last updated on 2019-08-25 05:47:02 CEST.

Flavor Version Tinstall Tcheck Ttotal Status Flags
r-devel-linux-x86_64-debian-clang 0.1.2 2.54 49.80 52.34 NOTE
r-devel-linux-x86_64-debian-gcc 0.1.2 2.22 38.35 40.57 NOTE
r-devel-linux-x86_64-fedora-clang 0.1.2 60.75 NOTE
r-devel-linux-x86_64-fedora-gcc 0.1.2 67.46 NOTE
r-devel-windows-ix86+x86_64 0.1.2 9.00 64.00 73.00 NOTE
r-patched-linux-x86_64 0.1.2 2.43 49.52 51.95 NOTE
r-patched-solaris-x86 0.1.2 86.10 NOTE
r-release-linux-x86_64 0.1.2 2.28 48.85 51.13 NOTE
r-release-windows-ix86+x86_64 0.1.2 11.00 81.00 92.00 NOTE
r-release-osx-x86_64 0.1.2 OK
r-oldrel-windows-ix86+x86_64 0.1.2 5.00 80.00 85.00 NOTE
r-oldrel-osx-x86_64 0.1.2 OK

Check Details

Version: 0.1.2
Check: dependencies in R code
Result: NOTE
    Missing or unexported object: 'devtools::use_data'
Flavors: r-devel-linux-x86_64-debian-clang, r-devel-linux-x86_64-debian-gcc, r-devel-linux-x86_64-fedora-clang, r-devel-linux-x86_64-fedora-gcc, r-devel-windows-ix86+x86_64, r-patched-linux-x86_64, r-patched-solaris-x86, r-release-linux-x86_64, r-release-windows-ix86+x86_64, r-oldrel-windows-ix86+x86_64

Version: 0.1.2
Check: for non-standard things in the check directory
Result: NOTE
    Found the following files/directories:
     'test.csv'
Flavors: r-devel-linux-x86_64-debian-clang, r-devel-linux-x86_64-debian-gcc, r-devel-linux-x86_64-fedora-clang, r-devel-linux-x86_64-fedora-gcc