CRAN Package Check Results for Package zip

Last updated on 2021-05-06 05:47:53 CEST.

Flavor Version Tinstall Tcheck Ttotal Status Flags
r-devel-linux-x86_64-debian-clang 2.1.1 17.69 28.46 46.15 ERROR
r-devel-linux-x86_64-debian-gcc 2.1.1 12.27 22.12 34.39 NOTE
r-devel-linux-x86_64-fedora-clang 2.1.1 73.37 NOTE
r-devel-linux-x86_64-fedora-gcc 2.1.1 56.45 NOTE
r-devel-windows-ix86+x86_64 2.1.1 64.00 68.00 132.00 NOTE
r-devel-windows-x86_64-gcc10-UCRT 2.1.1 NOTE
r-patched-linux-x86_64 2.1.1 15.36 28.06 43.42 NOTE
r-patched-solaris-x86 2.1.1 89.20 OK
r-release-linux-x86_64 2.1.1 13.85 27.50 41.35 OK
r-release-macos-x86_64 2.1.1 OK
r-release-windows-ix86+x86_64 2.1.1 59.00 50.00 109.00 OK
r-oldrel-macos-x86_64 2.1.1 OK
r-oldrel-windows-ix86+x86_64 2.1.1 63.00 4.00 67.00 ERROR

Check Details

Version: 2.1.1
Check: LazyData
Result: NOTE
     'LazyData' is specified without a 'data' directory
Flavors: r-devel-linux-x86_64-debian-clang, r-devel-linux-x86_64-debian-gcc, r-devel-linux-x86_64-fedora-clang, r-devel-linux-x86_64-fedora-gcc, r-devel-windows-ix86+x86_64, r-devel-windows-x86_64-gcc10-UCRT, r-patched-linux-x86_64

Version: 2.1.1
Check: tests
Result: ERROR
     Running 'testthat.R' [6s/8s]
    Running the tests in 'tests/testthat.R' failed.
    Complete output:
     > library(testthat)
     > library(zip)
    
     Attaching package: 'zip'
    
     The following objects are masked from 'package:utils':
    
     unzip, zip
    
     >
     > test_check("zip")
     == Skipped tests ===============================================================
     * On CRAN (2)
     * On Linux (1)
     * Only on Windows (2)
    
     == Failed tests ================================================================
     -- Failure (test-paths.R:209:3): zip file with non-ASCII characters ------------
     l$filename (`actual`) not equal to c("dir1/", "dir1/file1", "dir2/", "dir2/file2") (`expected`).
    
     `actual`: "dir1/" "dir1/file1" "file2"
     `expected`: "dir1/" "dir1/file1" "dir2/" "dir2/file2"
    
     [ FAIL 1 | WARN 4 | SKIP 5 | PASS 233 ]
     Error: Test failures
     Execution halted
Flavor: r-devel-linux-x86_64-debian-clang

Version: 2.1.1
Check: whether package can be installed
Result: ERROR
    Installation failed.
    See 'd:/Rcompile/CRANpkg/local/3.6/zip.Rcheck/00install.out'* DONE
Flavor: r-oldrel-windows-ix86+x86_64