CRAN Package Check Results for Package zipR

Last updated on 2024-06-20 06:57:28 CEST.

Flavor Version Tinstall Tcheck Ttotal Status Flags
r-devel-linux-x86_64-debian-clang 0.1.1 1.49 25.30 26.79 NOTE
r-devel-linux-x86_64-debian-gcc 0.1.1 1.55 19.87 21.42 NOTE
r-devel-linux-x86_64-fedora-clang 0.1.1 35.74 NOTE
r-devel-linux-x86_64-fedora-gcc 0.1.1 45.95 NOTE
r-devel-windows-x86_64 0.1.1 2.00 42.00 44.00 NOTE
r-patched-linux-x86_64 0.1.1 1.88 25.00 26.88 NOTE
r-release-linux-x86_64 0.1.1 2.03 24.83 26.86 NOTE
r-release-macos-arm64 0.1.1 21.00 NOTE
r-release-macos-x86_64 0.1.1 34.00 NOTE
r-release-windows-x86_64 0.1.1 3.00 44.00 47.00 NOTE
r-oldrel-macos-arm64 0.1.1 24.00 NOTE
r-oldrel-macos-x86_64 0.1.1 30.00 NOTE
r-oldrel-windows-x86_64 0.1.1 2.00 43.00 45.00 NOTE

Check Details

Version: 0.1.1
Check: LazyData
Result: NOTE 'LazyData' is specified without a 'data' directory Flavors: r-devel-linux-x86_64-debian-clang, r-devel-linux-x86_64-debian-gcc, r-devel-linux-x86_64-fedora-clang, r-devel-linux-x86_64-fedora-gcc, r-devel-windows-x86_64, r-patched-linux-x86_64, r-release-linux-x86_64, r-release-macos-arm64, r-release-macos-x86_64, r-release-windows-x86_64, r-oldrel-macos-arm64, r-oldrel-macos-x86_64, r-oldrel-windows-x86_64