CRAN Package Check Results for Package ziphsmm

Last updated on 2021-01-15 05:49:09 CET.

Flavor Version Tinstall Tcheck Ttotal Status Flags
r-devel-linux-x86_64-debian-clang 2.0.6 81.05 59.73 140.78 OK
r-devel-linux-x86_64-debian-gcc 2.0.6 69.07 47.93 117.00 OK
r-devel-linux-x86_64-fedora-clang 2.0.6 216.39 NOTE
r-devel-linux-x86_64-fedora-gcc 2.0.6 185.79 OK
r-devel-windows-ix86+x86_64 2.0.6 178.00 146.00 324.00 OK
r-patched-linux-x86_64 2.0.6 75.98 56.03 132.01 OK
r-patched-solaris-x86 2.0.6 212.90 OK
r-release-linux-x86_64 2.0.6 84.28 57.07 141.35 OK
r-release-macos-x86_64 2.0.6 NOTE
r-release-windows-ix86+x86_64 2.0.6 177.00 123.00 300.00 OK
r-oldrel-macos-x86_64 2.0.6 NOTE
r-oldrel-windows-ix86+x86_64 2.0.6 119.00 100.00 219.00 OK

Check Details

Version: 2.0.6
Check: installed package size
Result: NOTE
     installed size is 9.2Mb
     sub-directories of 1Mb or more:
     libs 8.8Mb
Flavors: r-devel-linux-x86_64-fedora-clang, r-release-macos-x86_64, r-oldrel-macos-x86_64