CRAN Package Check Results for Package zoltr

Last updated on 2023-01-31 06:01:22 CET.

Flavor Version Tinstall Tcheck Ttotal Status Flags
r-devel-linux-x86_64-debian-clang 0.5.1 5.94 59.21 65.15 NOTE
r-devel-linux-x86_64-debian-gcc 0.5.1 4.46 44.36 48.82 NOTE
r-devel-linux-x86_64-fedora-clang 0.5.1 82.54 NOTE
r-devel-linux-x86_64-fedora-gcc 0.5.1 111.16 NOTE
r-devel-windows-x86_64 0.5.1 19.00 105.00 124.00 NOTE
r-patched-linux-x86_64 0.5.1 5.40 56.25 61.65 NOTE
r-release-linux-x86_64 0.5.1 5.17 54.43 59.60 NOTE
r-release-macos-arm64 0.5.1 41.00 NOTE
r-release-macos-x86_64 0.5.1 56.00 NOTE
r-release-windows-x86_64 0.5.1 30.00 100.00 130.00 NOTE
r-oldrel-macos-arm64 0.5.1 40.00 NOTE
r-oldrel-macos-x86_64 0.5.1 73.00 NOTE
r-oldrel-windows-ix86+x86_64 0.5.1 15.00 85.00 100.00 NOTE

Check Details

Version: 0.5.1
Check: LazyData
Result: NOTE
     'LazyData' is specified without a 'data' directory
Flavors: r-devel-linux-x86_64-debian-clang, r-devel-linux-x86_64-debian-gcc, r-devel-linux-x86_64-fedora-clang, r-devel-linux-x86_64-fedora-gcc, r-devel-windows-x86_64, r-patched-linux-x86_64, r-release-linux-x86_64, r-release-macos-arm64, r-release-macos-x86_64, r-release-windows-x86_64, r-oldrel-macos-arm64, r-oldrel-macos-x86_64, r-oldrel-windows-ix86+x86_64