CRAN Package Check Results for Package ztype

Last updated on 2024-06-22 06:51:07 CEST.

Flavor Version Tinstall Tcheck Ttotal Status Flags
r-devel-linux-x86_64-debian-clang 0.1.0 3.61 38.72 42.33 NOTE
r-devel-linux-x86_64-debian-gcc 0.1.0 2.87 29.48 32.35 NOTE
r-devel-linux-x86_64-fedora-clang 0.1.0 51.53 NOTE
r-devel-linux-x86_64-fedora-gcc 0.1.0 50.37 NOTE
r-devel-windows-x86_64 0.1.0 6.00 50.00 56.00 NOTE
r-patched-linux-x86_64 0.1.0 2.75 37.30 40.05 NOTE
r-release-linux-x86_64 0.1.0 3.50 36.60 40.10 NOTE
r-release-macos-arm64 0.1.0 21.00 NOTE
r-release-macos-x86_64 0.1.0 30.00 NOTE
r-release-windows-x86_64 0.1.0 6.00 52.00 58.00 NOTE
r-oldrel-macos-arm64 0.1.0 21.00 NOTE
r-oldrel-macos-x86_64 0.1.0 25.00 NOTE
r-oldrel-windows-x86_64 0.1.0 6.00 54.00 60.00 NOTE

Check Details

Version: 0.1.0
Check: LazyData
Result: NOTE 'LazyData' is specified without a 'data' directory Flavors: r-devel-linux-x86_64-debian-clang, r-devel-linux-x86_64-debian-gcc, r-devel-linux-x86_64-fedora-clang, r-devel-linux-x86_64-fedora-gcc, r-devel-windows-x86_64, r-patched-linux-x86_64, r-release-linux-x86_64, r-release-macos-arm64, r-release-macos-x86_64, r-release-windows-x86_64, r-oldrel-macos-arm64, r-oldrel-macos-x86_64, r-oldrel-windows-x86_64

Version: 0.1.0
Check: dependencies in R code
Result: NOTE Namespaces in Imports field not imported from: ‘dplyr’ ‘ggplot2’ ‘lubridate’ All declared Imports should be used. Flavors: r-devel-linux-x86_64-fedora-clang, r-devel-linux-x86_64-fedora-gcc